y 14.
10
What is the remainder when 56061 is divided by 214?
207
Calculate the remainder when 353 is divided by 36.
29
Calculate the remainder when 752 is divided by 49.
17
Calculate the remainder when 6477 is divided by 8.
5
Calculate the remainder when 1527983 is divided by 216.
215
What is the remainder when 319492 is divided by 180?
172
What is the remainder when 66453 is divided by 33221?
11
What is the remainder when 13568 is divided by 646?
2
Calculate the remainder when 1171 is divided by 250.
171
What is the remainder when 37343 is divided by 441?
299
What is the remainder when 91968 is divided by 11494?
16
Calculate the remainder when 425766 is divided by 58.
46
What is the remainder when 6567 is divided by 296?
55
Calculate the remainder when 190238 is divided by 12682.
8
What is the remainder when 3250273 is divided by 755?
753
What is the remainder when 1421993 is divided by 21?
20
Calculate the remainder when 21656 is divided by 394.
380
Calculate the remainder when 667 is divided by 28.
23
What is the remainder when 10409 is divided by 451?
36
Calculate the remainder when 31016 is divided by 28.
20
Calculate the remainder when 28546 is divided by 1603.
1295
Calculate the remainder when 155427 is divided by 41.
37
Calculate the remainder when 3575 is divided by 537.
353
What is the remainder when 26341 is divided by 4376?
85
Calculate the remainder when 17167 is divided by 121.
106
What is the remainder when 257784 is divided by 77?
65
Calculate the remainder when 1037425 is divided by 134.
131
What is the remainder when 32707 is divided by 1860?
1087
What is the remainder when 84210 is divided by 16838?
20
Calculate the remainder when 79764 is divided by 13287.
42
Calculate the remainder when 18152 is divided by 280.
232
Calculate the remainder when 70863 is divided by 581.
562
Calculate the remainder when 17998 is divided by 75.
73
What is the remainder when 318006 is divided by 213?
210
What is the remainder when 4647 is divided by 7?
6
What is the remainder when 51031 is divided by 28?
15
What is the remainder when 46106 is divided by 159?
155
What is the remainder when 2589 is divided by 413?
111
What is the remainder when 1557 is divided by 64?
21
What is the remainder when 356115 is divided by 68?
67
What is the remainder when 24727 is divided by 200?
127
What is the remainder when 244841 is divided by 91?
51
What is the remainder when 10481 is divided by 3488?
17
What is the remainder when 732 is divided by 1?
0
Calculate the remainder when 13568 is divided by 6773.
22
What is the remainder when 3741 is divided by 17?
1
Calculate the remainder when 178224 is divided by 1273.
4
What is the remainder when 27931 is divided by 3098?
49
What is the remainder when 643874 is divided by 25?
24
What is the remainder when 257789 is divided by 46?
5
What is the remainder when 418448 is divided by 1433?
12
What is the remainder when 1210 is divided by 53?
44
What is the remainder when 57946 is divided by 185?
41
What is the remainder when 15265 is divided by 93?
13
What is the remainder when 33231 is divided by 496?
495
Calculate the remainder when 4456 is divided by 1439.
139
Calculate the remainder when 14761 is divided by 133.
131
What is the remainder when 1195 is divided by 510?
175
Calculate the remainder when 4685 is divided by 46.
39
What is the remainder when 49791 is divided by 128?
127
What is the remainder when 3312 is divided by 3243?
69
What is the remainder when 208606 is divided by 13902?
76
What is the remainder when 1549787 is divided by 55?
52
What is the remainder when 20097 is divided by 347?
318
Calculate the remainder when 4825 is divided by 46.
41
Calculate the remainder when 237882 is divided by 42.
36
What is the remainder when 148785 is divided by 327?
0
Calculate the remainder when 21466 is divided by 48.
10
What is the remainder when 289337 is divided by 21?
20
Calculate the remainder when 116687 is divided by 667.
629
What is the remainder when 134055 is divided by 44?
31
What is the remainder when 9277 is divided by 259?
212
What is the remainder when 4559 is divided by 1948?
663
What is the remainder when 3209 is divided by 44?
41
Calculate the remainder when 3424 is divided by 498.
436
What is the remainder when 5249 is divided by 51?
47
What is the remainder when 17392 is divided by 73?
18
Calculate the remainder when 30434 is divided by 10140.
14
Calculate the remainder when 15191 is divided by 579.
137
Calculate the remainder when 14273 is divided by 207.
197
Calculate the remainder when 60798 is divided by 151.
96
Calculate the remainder when 211663 is divided by 30.
13
Calculate the remainder when 134514 is divided by 20.
14
Calculate the remainder when 11573 is divided by 138.
119
Calculate the remainder when 10887 is divided by 99.
96
What is the remainder when 113343 is divided by 154?
153
Calculate the remainder when 164297 is divided by 31.
28
Calculate the remainder when 1145127 is divided by 285.
282
Calculate the remainder when 25020 is divided by 25017.
3
Calculate the remainder when 1810 is divided by 11.
6
Calculate the remainder when 4398 is divided by 501.
390
Calculate the remainder when 14425 is divided by 82.
75
What is the remainder when 27170 is divided by 264?
242
What is the remainder when 3507 is divided by 119?
56
What is the remainder when 15388 is divided by 151?
137
Calculate the remainder when 12365 is divided by 16.
13
What is the remainder when 1262797 is divided by 287?
284
What is the remainder when 6125 is divided by 150?
125
Calculate the remainder when 8901 is divided by 347.
226
What is the remainder when 14223 is divided by 49?
13
What is the remainder when 4606 is divided by 2094?
418
Calculate the remainder when 92731 is divided by 398.
395
What is the remainder when 794507 is divided by 143?
142
Calculate the remainder when 10880 is divided by 2145.
155
What is the remainder when 7309 is divided by 1346?
579
Calculate the remainder when 115018 is divided by 19.
11
What is the remainder when 4063 is divided by 972?
175
Calculate the remainder when 2796 is divided by 551.
41
Calculate the remainder when 10818 is divided by 5398.
22
Calculate the remainder when 8610 is divided by 1009.
538
Calculate the remainder when 50790 is divided by 6348.
6
What is the remainder when 1218215 is divided by 1217?
1215
Calculate the remainder when 4975079 is divided by 14.
11
Calculate the remainder when 5991 is divided by 1159.
196
Calculate the remainder when 21333247 is divided by 16.
15
Calculate the remainder when 62637 is divided by 1361.
31
What is the remainder when 231992 is divided by 101?
96
Calculate the remainder when 17329 is divided by 9.
4
Calculate the remainder when 673565 is divided by 247.
243
Calculate the remainder when 49620 is divided by 67.
40
What is the remainder when 4111 is divided by 190?
121
What is the remainder when 2646 is divided by 869?
39
Calculate the remainder when 3295 is divided by 3253.
42
Calculate the remainder when 1134 is divided by 639.
495
What is the remainder when 945 is divided by 303?
36
Calculate the remainder when 5208 is divided by 56.
0
What is the remainder when 4718 is divided by 1377?
587
What is the remainder when 86904 is divided by 191?
190
What is the remainder when 12610 is divided by 963?
91
What is the remainder when 43990 is divided by 164?
38
What is the remainder when 61781 is divided by 88?
5
What is the remainder when 17919 is divided by 5869?
312
Calculate the remainder when 21902 is divided by 528.
254
What is the remainder when 227806 is divided by 1451?
1450
Calculate the remainder when 664928 is divided by 25574.
4
Calculate the remainder when 75899 is divided by 39.
5
Calculate the remainder when 10416216 is divided by 2038.
2036
Calculate the remainder when 41538 is divided by 2596.
2
Calculate the remainder when 4332 is divided by 286.
42
Calculate the remainder when 40841 is divided by 18.
17
What is the remainder when 1542 is divided by 613?
316
What is the remainder when 5499 is divided by 5300?
199
Calculate the remainder when 125183 is divided by 117.
110
What is the remainder when 87473 is divided by 17493?
8
What is the remainder when 4478 is divided by 1083?
146
What is the remainder wh